igit of 1077?
1
What is the tens digit of 11127?
2
What is the units digit of 10962?
2
What is the tens digit of 18621?
2
What is the units digit of 1994?
4
What is the tens digit of 2195?
9
What is the tens digit of 2436?
3
What is the tens digit of 12660?
6
What is the tens digit of 15238?
3
What is the units digit of 945?
5
What is the hundreds digit of 1585?
5
What is the tens digit of 93?
9
What is the tens digit of 1857?
5
What is the tens digit of 15499?
9
What is the thousands digit of 2398?
2
What is the tens digit of 143?
4
What is the hundreds digit of 115340?
3
What is the tens digit of 2421?
2
What is the hundreds digit of 7712?
7
What is the thousands digit of 11039?
1
What is the units digit of 1307?
7
What is the tens digit of 1905?
0
What is the units digit of 18473?
3
What is the tens digit of 677?
7
What is the units digit of 26066?
6
What is the ten thousands digit of 66752?
6
What is the hundreds digit of 13105?
1
What is the hundreds digit of 69569?
5
What is the hundreds digit of 42575?
5
What is the tens digit of 7490?
9
What is the tens digit of 7892?
9
What is the hundreds digit of 8575?
5
What is the tens digit of 432?
3
What is the tens digit of 242?
4
What is the tens digit of 49317?
1
What is the units digit of 590?
0
What is the tens digit of 1261?
6
What is the units digit of 4907?
7
What is the thousands digit of 16644?
6
What is the hundreds digit of 13823?
8
What is the units digit of 1382?
2
What is the units digit of 1500?
0
What is the hundred thousands digit of 111346?
1
What is the units digit of 33380?
0
What is the hundreds digit of 5992?
9
What is the units digit of 22473?
3
What is the tens digit of 28311?
1
What is the tens digit of 5424?
2
What is the units digit of 47259?
9
What is the tens digit of 816?
1
What is the hundreds digit of 2082?
0
What is the thousands digit of 2567?
2
What is the hundreds digit of 50895?
8
What is the thousands digit of 1612?
1
What is the units digit of 87757?
7
What is the tens digit of 1317?
1
What is the tens digit of 8514?
1
What is the units digit of 1112?
2
What is the ten thousands digit of 33816?
3
What is the ten thousands digit of 53365?
5
What is the tens digit of 868?
6
What is the thousands digit of 21588?
1
What is the hundreds digit of 122928?
9
What is the units digit of 12682?
2
What is the thousands digit of 4588?
4
What is the ten thousands digit of 16459?
1
What is the units digit of 1489?
9
What is the ten thousands digit of 162557?
6
What is the units digit of 1322?
2
What is the units digit of 4869?
9
What is the ten thousands digit of 12512?
1
What is the hundreds digit of 4036?
0
What is the thousands digit of 7618?
7
What is the tens digit of 610?
1
What is the units digit of 815?
5
What is the units digit of 60087?
7
What is the units digit of 6753?
3
What is the hundreds digit of 3270?
2
What is the thousands digit of 24610?
4
What is the thousands digit of 3406?
3
What is the tens digit of 14601?
0
What is the hundreds digit of 1006?
0
What is the units digit of 1050?
0
What is the tens digit of 1530?
3
What is the hundreds digit of 43054?
0
What is the thousands digit of 8471?
8
What is the units digit of 174?
4
What is the units digit of 36747?
7
What is the tens digit of 2051?
5
What is the units digit of 48205?
5
What is the hundreds digit of 11599?
5
What is the hundreds digit of 164132?
1
What is the units digit of 5901?
1
What is the tens digit of 443?
4
What is the thousands digit of 141159?
1
What is the thousands digit of 1091?
1
What is the units digit of 1454?
4
What is the thousands digit of 4469?
4
What is the units digit of 7125?
5
What is the units digit of 623?
3
What is the tens digit of 1361?
6
What is the thousands digit of 4886?
4
What is the hundreds digit of 108691?
6
What is the ten thousands digit of 48174?
4
What is the ten thousands digit of 47483?
4
What is the units digit of 874?
4
What is the hundreds digit of 2429?
4
What is the units digit of 4080?
0
What is the hundreds digit of 4229?
2
What is the units digit of 2020?
0
What is the thousands digit of 5169?
5
What is the hundreds digit of 8626?
6
What is the thousands digit of 31359?
1
What is the ten thousands digit of 12856?
1
What is the thousands digit of 2686?
2
What is the tens digit of 1206?
0
What is the thousands digit of 9747?
9
What is the units digit of 5570?
0
What is the hundreds digit of 1822?
8
What is the thousands digit of 1259?
1
What is the tens digit of 3116?
1
What is the thousands digit of 2949?
2
What is the tens digit of 5140?
4
What is the ten thousands digit of 90916?
9
What is the units digit of 63338?
8
What is the tens digit of 10801?
0
What is the units digit of 14812?
2
What is the units digit of 5324?
4
What is the units digit of 955?
5
What is the units digit of 44530?
0
What is the hundreds digit of 2213?
2
What is the hundreds digit of 1042?
0
What is the thousands digit of 1033?
1
What is the units digit of 143?
3
What is the hundreds digit of 1762?
7
What is the thousands digit of 2515?
2
What is the units digit of 2693?
3
What is the units digit of 18?
8
What is the thousands digit of 123852?
3
What is the tens digit of 2479?
7
What is the thousands digit of 1565?
1
What is the hundreds digit of 2262?
2
What is the hundreds digit of 11001?
0
What is the tens digit of 353?
5
What is the units digit of 9345?
5
What is the tens digit of 47264?
6
What is the units digit of 56676?
6
What is the units digit of 565?
5
What is the tens digit of 32393?
9
What is the tens digit of 52563?
6
What is the hundreds digit of 10681?
6
What is the hundreds digit of 100213?
2
What is the thousands digit of 118437?
8
What is the units digit of 11691?
1
What is the hundreds digit of 1185?
1
What is the thousands digit of 20586?
0
What is the units digit of 48300?
0
What is the ten thousands digit of 12504?
1
What is the hundreds digit of 354?
3
What is the hundreds digit of 14583?
5
What is the ten thousands digit of 10859?
1
What is the tens digit of 537?
3
What is the units digit of 141284?
4
What is the units digit of 1719?
9
What is the units digit of 492?
2
What is the hundreds digit of 10723?
7
What is the tens digit of 151?
5
What is the tens digit of 77868?
6
What is the tens digit of 1449?
4
What is the tens digit of 3200?
0
What is the thousands digit of 1960?
1
What is the units digit of 36396?
6
What is the hundreds digit of 61449?
4
What is the tens digit of 9136?
3
What is the hundreds digit of 376?
3
What is the units digit of 16310?
0
What is the thousands digit of 1977?
1
What is the tens digit of 10740?
4
What is the hundreds digit of 1289?
2
What is the thousands digit of 2214?
2
What is the ten thousands digit of 30041?
3
What is the hundreds digit of 6896?
8
What is the hundreds digit of 1979?
9
What is the tens digit of 5006?
0
What is the thousands digit of 25019?
5
What is the tens digit of 8547?
4
What is the units digit of 570?
0
What is the hundreds digit of 730?
7
What is the units digit of 6963?
3
What is the hundreds digit of 75138?
1
What is the ten thousands digit of 43823?
4
What is the tens digit of 6908?
0
What is the tens digit of 920?
2
What is the thousands digit of 137507?
7
What is the units digit of 1148?
8
What is the tens digit of 2181?
8
What is the thousands digit of 167440?
7
What is the thousands digit of 2130?
2
What is the units digit of 954?
4
What is the hundreds digit of 2060?
0
What is the ten thousands digit of 163658?
6
What is the units digit of 7003?
3
What is the thousands digit of 104005?
4
What is the tens digit of 97858?
5
What is the ten thousands digit of 18708?
1
What is the thousands digit of 10476?
0
What is the hundreds digit of 2775?
7
What is the tens digit of 2213?
1
What is the hundreds digit of 8693?
6
What is the tens digit of 2197?
9
What is the tens digit of 348?
4
What is the tens digit of 133?
3
What is the thousands digit of 5899?
5
What is the thousands digit of 4149?
4
What is the ten thousands digit of 120142?
2
What is the hundreds digit of 953?
9
What is the thousands digit of 2252?
2
What is the hundreds digit of 472?
4
What is the hundreds digit of 6189?
1
What is the ten thousands digit of 28013?
2
What is the units digit of 5129?
9
What is the hun